 35637 is divided by 26.
17
Calculate the remainder when 6687141 is divided by 8.
5
What is the remainder when 570622 is divided by 275?
272
Calculate the remainder when 75046 is divided by 224.
6
What is the remainder when 428882 is divided by 1198?
1196
Calculate the remainder when 1507366 is divided by 382.
376
What is the remainder when 3043 is divided by 186?
67
What is the remainder when 3093 is divided by 10?
3
Calculate the remainder when 127525 is divided by 959.
937
Calculate the remainder when 3393 is divided by 74.
63
What is the remainder when 36756 is divided by 43?
34
Calculate the remainder when 1861917 is divided by 120.
117
Calculate the remainder when 40598 is divided by 10145.
18
What is the remainder when 26938 is divided by 1495?
28
What is the remainder when 22348 is divided by 414?
406
Calculate the remainder when 404969 is divided by 18.
5
What is the remainder when 140766 is divided by 809?
0
Calculate the remainder when 128050 is divided by 214.
78
Calculate the remainder when 2786 is divided by 93.
89
What is the remainder when 110224 is divided by 27546?
40
Calculate the remainder when 2323 is divided by 170.
113
Calculate the remainder when 70668 is divided by 152.
140
What is the remainder when 54899 is divided by 9?
8
What is the remainder when 107678 is divided by 7178?
8
What is the remainder when 305 is divided by 28?
25
Calculate the remainder when 55628 is divided by 66.
56
Calculate the remainder when 146069 is divided by 19.
16
Calculate the remainder when 510 is divided by 156.
42
What is the remainder when 694 is divided by 170?
14
What is the remainder when 1698 is divided by 25?
23
What is the remainder when 6967 is divided by 1195?
992
What is the remainder when 6236 is divided by 173?
8
What is the remainder when 475 is divided by 304?
171
What is the remainder when 83252 is divided by 115?
107
What is the remainder when 8133 is divided by 783?
303
What is the remainder when 3395 is divided by 376?
11
Calculate the remainder when 31843 is divided by 25.
18
What is the remainder when 915 is divided by 100?
15
Calculate the remainder when 7333 is divided by 186.
79
What is the remainder when 21190 is divided by 157?
152
Calculate the remainder when 4200 is divided by 602.
588
Calculate the remainder when 28881 is divided by 834.
525
What is the remainder when 2116 is divided by 352?
4
Calculate the remainder when 1594 is divided by 85.
64
What is the remainder when 4868 is divided by 125?
118
What is the remainder when 116150 is divided by 23215?
75
What is the remainder when 297881 is divided by 21?
17
What is the remainder when 208556 is divided by 165?
161
Calculate the remainder when 11802 is divided by 11789.
13
Calculate the remainder when 14758 is divided by 205.
203
What is the remainder when 1064 is divided by 13?
11
Calculate the remainder when 1111654 is divided by 49.
40
Calculate the remainder when 53568 is divided by 10685.
143
Calculate the remainder when 5846 is divided by 320.
86
What is the remainder when 5738 is divided by 541?
328
Calculate the remainder when 11468 is divided by 459.
452
Calculate the remainder when 5609 is divided by 65.
19
Calculate the remainder when 2750 is divided by 2076.
674
What is the remainder when 58093 is divided by 19343?
64
Calculate the remainder when 71425 is divided by 473.
2
What is the remainder when 58105 is divided by 58?
47
What is the remainder when 13922 is divided by 9?
8
Calculate the remainder when 8728 is divided by 1370.
508
What is the remainder when 15033 is divided by 41?
27
Calculate the remainder when 42180 is divided by 11.
6
Calculate the remainder when 4551 is divided by 1513.
12
Calculate the remainder when 6837 is divided by 1365.
12
What is the remainder when 400 is divided by 192?
16
What is the remainder when 116207 is divided by 269?
268
What is the remainder when 41917 is divided by 2089?
137
What is the remainder when 6813 is divided by 535?
393
Calculate the remainder when 2102 is divided by 247.
126
What is the remainder when 90277 is divided by 30028?
193
Calculate the remainder when 68948 is divided by 9849.
5
Calculate the remainder when 2843 is divided by 178.
173
What is the remainder when 23912 is divided by 40?
32
Calculate the remainder when 113349 is divided by 687.
681
What is the remainder when 192408 is divided by 247?
242
Calculate the remainder when 8424 is divided by 172.
168
What is the remainder when 46718 is divided by 46709?
9
What is the remainder when 154369 is divided by 1660?
1649
Calculate the remainder when 89487 is divided by 57.
54
What is the remainder when 106 is divided by 88?
18
What is the remainder when 6224 is divided by 442?
36
What is the remainder when 66810 is divided by 75?
60
What is the remainder when 305750 is divided by 294?
284
What is the remainder when 131559 is divided by 46?
45
What is the remainder when 2126 is divided by 39?
20
What is the remainder when 51679 is divided by 5?
4
Calculate the remainder when 311328 is divided by 103764.
36
What is the remainder when 928554 is divided by 116067?
18
What is the remainder when 1272165 is divided by 90868?
13
What is the remainder when 229069 is divided by 16?
13
Calculate the remainder when 46033 is divided by 13.
0
What is the remainder when 14811 is divided by 570?
561
What is the remainder when 38733 is divided by 207?
24
What is the remainder when 8500 is divided by 78?
76
What is the remainder when 15378 is divided by 960?
18
Calculate the remainder when 3314 is divided by 559.
519
Calculate the remainder when 1093 is divided by 240.
133
What is the remainder when 50103 is divided by 11?
9
What is the remainder when 142839 is divided by 114?
111
Calculate the remainder when 9740 is divided by 140.
80
What is the remainder when 5913 is divided by 1246?
929
What is the remainder when 102125 is divided by 12764?
13
What is the remainder when 785840 is divided by 6?
2
What is the remainder when 15781 is divided by 28?
17
What is the remainder when 44572 is divided by 53?
52
What is the remainder when 2907 is divided by 304?
171
What is the remainder when 1501827 is divided by 7?
5
Calculate the remainder when 178264 is divided by 4244.
16
What is the remainder when 5436 is divided by 90?
36
Calculate the remainder when 10807 is divided by 47.
44
What is the remainder when 4625 is divided by 4119?
506
Calculate the remainder when 52988 is divided by 184.
180
Calculate the remainder when 3866062 is divided by 48.
46
Calculate the remainder when 1362336 is divided by 19.
17
Calculate the remainder when 2069727 is divided by 157.
153
Calculate the remainder when 56630 is divided by 30.
20
What is the remainder when 10206 is divided by 308?
42
What is the remainder when 2541306 is divided by 18?
12
What is the remainder when 20207 is divided by 250?
207
What is the remainder when 20621 is divided by 15?
11
Calculate the remainder when 2031 is divided by 680.
671
What is the remainder when 23273 is divided by 206?
201
Calculate the remainder when 75372 is divided by 2357.
2305
Calculate the remainder when 16893 is divided by 8426.
41
What is the remainder when 6364 is divided by 33?
28
Calculate the remainder when 60989 is divided by 4062.
59
What is the remainder when 239300 is divided by 3988?
20
What is the remainder when 829 is divided by 748?
81
Calculate the remainder when 52078 is divided by 1215.
1048
What is the remainder when 3532744 is divided by 19?
17
What is the remainder when 11333 is divided by 598?
569
Calculate the remainder when 1215 is divided by 362.
129
Calculate the remainder when 204946 is divided by 36.
34
Calculate the remainder when 47354 is divided by 5258.
32
What is the remainder when 1993 is divided by 1986?
7
What is the remainder when 100604 is divided by 16?
12
Calculate the remainder when 4639 is divided by 423.
409
What is the remainder when 52625 is divided by 721?
713
What is the remainder when 3820 is divided by 249?
85
What is the remainder when 200374 is divided by 1077?
52
Calculate the remainder when 334423 is divided by 58.
53
Calculate the remainder when 3331 is divided by 1104.
19
What is the remainder when 190232 is divided by 454?
6
Calculate the remainder when 12772 is divide